ne n(f).
-12
Let h(t) = -8*t**3 - 12*t**2 + 13*t + 5. Let f(n) = -42*n**3 - 62*n**2 + 68*n + 26. Let r(k) = -3*f(k) + 16*h(k). Calculate r(-3).
-10
Let o(s) = s**2 - 12*s - 19. Let t be o(13). Let h = 429 - 357. Let j(v) = 25*v + 46*v - h*v + 1. Determine j(t).
7
Let i(t) = 7*t**2 + 259*t - 268. Let o be i(-38). Let g(y) = -8*y**2 + 5*y + 5. Determine g(o).
-37
Let j(t) = -18 - 10 - t**3 - 7*t**2 + 33 + 9*t. Suppose -5*g + 80 = -15*g. Give j(g).
-3
Let p(y) = 342*y - 29. Let j(d) = 284*d - 30. Let a(u) = -6*j(u) + 5*p(u). Determine a(-6).
-1
Let h(i) = 12*i - 6. Let g(k) = 4*k - 2. Let v(y) = 14*g(y) - 5*h(y). Let w(f) = -10*f + 12. Let s be w(4). Let c = -24 - s. Calculate v(c).
-14
Let n(t) be the third derivative of -t**6/120 - t**5/10 - 5*t**4/12 - 25*t**3/6 + 2*t**2 + 3*t - 158. Determine n(-5).
0
Suppose -4*m + 0 + 26 = h, -4*h - 4*m = -44. Let r(n) be the third derivative of -n**6/120 + n**5/12 + 7*n**4/24 - 5*n**3/6 - 15256*n**2. Give r(h).
1
Let m(d) = -9*d + 63. Let w = 26 + -20. Determine m(w).
9
Let a(y) = 26056*y - 52112*y - 71 + 26075*y. Calculate a(3).
-14
Let z(i) = i**2 + 6*i + 5. Let m(d) be the first derivative of -d**4/4 + d**3/3 + 13*d**2/2 + 11*d + 101. Let s(l) = 2*m(l) - 5*z(l). Give s(-2).
9
Let s = -66 + 104. Let v = s - -12. Let b(u) = v - 50 - 2*u. Give b(-3).
6
Let a(f) = -f**3 - 6*f**2 - 4*f + 2. Let m be -3*(-5 - (-275)/(-15)). Let n be ((-4)/3 - -1) + m/21. Suppose n*b + 11 + 4 = 0. What is a(b)?
-3
Let d(y) be the third derivative of -y**8/20160 - y**7/5040 + 7*y**5/30 + 5*y**2 - 8*y. Let i(v) be the third derivative of d(v). Give i(4).
-20
Let z = 256 - 262. Let x(t) = 2*t + 8. Let c(q) = -2*q - 6. Let o(s) = z*c(s) - 5*x(s). Calculate o(3).
2
Let n(l) be the third derivative of -l**7/2520 - l**6/144 + l**5/120 - l**4/12 - 7*l**3/6 - 42*l**2. Let c(z) be the second derivative of n(z). What is c(-6)?
-5
Let g(b) = b**2 - 11*b - 400. Let o be g(26). Let a(c) = 2*c**2 - 8*c + 11. Let r(p) = 5*p**2 - 16*p + 22. Let m(f) = -7*a(f) + 3*r(f). Give m(o).
9
Let i be 0 + -6 + (32 - 11*19/19). Let m(y) = y - 1. Let r(t) = 6*t - 20. Let p(g) = 5*m(g) - r(g). Calculate p(i).
0
Let c be 8640/(-756) + 10/7. Let i(s) be the first derivative of -s**3/3 - 5*s**2 + 11*s + 1. Determine i(c).
11
Let j be ((-190)/35 + 4)/(34 - (-4248)/(-126)). Let z(h) be the second derivative of h**4/12 + 3*h**3/2 + 15*h**2/2 - h. Calculate z(j).
-5
Let h(o) be the first derivative of 9*o**2/2 + 48*o + 2. Let c be h(-5). Let s be (-7 - -10)/(c/7). Let p(x) = -x**3 + 8*x**2 - 11*x + 10. Calculate p(s).
-18
Let r(d) = d**2 - 2*d - 6. Let i = 331 - 323. Suppose -45 = -i*s - s. Give r(s).
9
Let z(m) = 56*m + 127. Let a(k) = -38*k - 84. Let i(s) = -7*a(s) - 5*z(s). Calculate i(-3).
-5
Let v(p) = 4 - 86*p**2 - 605*p**2 + 3*p**3 + 692*p**2 - 2 - p. Let l = -2 + 4. Calculate v(l).
28
Suppose 4*m - 37 = -1. Let g(c) = 1 - 4*c**3 + 5*c**3 - 31056*c**2 - 8*c + 31048*c**2. Determine g(m).
10
Suppose 5722 - 5582 = -14*n. Let q(s) = 3*s**2 + 29*s + 10. What is q(n)?
20
Let f(x) be the second derivative of x**5/20 + 5*x**4/6 - 11*x**3/6 + 7*x**2/2 - 1702*x. Give f(-11).
7
Let f(n) = n**3 - 11*n**2 - 14*n + 16. Let w(z) be the first derivative of z**4/4 - 22*z**3/3 + 45*z**2/2 - 88*z - 122. Let y be w(20). Calculate f(y).
-8
Let w(y) = -y**3 - 7*y**2 - 12*y - 12. Suppose 75*z + 69 = 23*z - 191. Give w(z).
-2
Let d(k) = -k**3 - 2*k**2 - k + 1. Suppose 71*g + 123*g = 246 + 336. Let r be (1 + 6/4)*2. Suppose 3*z - 2*j = -r*j - 6, 8 = -4*z - g*j. Calculate d(z).
3
Suppose -3*a = 3*d - 2280, 4*a - 84 = -d + 2962. Let j = 759 - a. Let c(p) be the third derivative of -p**5/60 - 5*p**4/24 - p**3/2 + p**2. What is c(j)?
3
Let a(v) = -2*v**2 - 1 + 4 + 5*v + v**2 + 2. Suppose 0 = h - 66*h + 390. Calculate a(h).
-1
Suppose s - 3*n - 42 = 0, -4*s - 6*n + 42 = s. Let x(l) = -15*l + 242. Determine x(s).
-28
Let s(w) = -w**3 + 27*w**2 - 73*w + 19. Suppose 3*h + 2*p = 62, 2*h - 2*p - 53 = -p. What is s(h)?
-5
Let k(z) = 78*z - 7239. Let g be k(93). Let y(j) = -6*j + 50. Give y(g).
-40
Let p(k) = -k + 110. Suppose 482*u = 92*u. Calculate p(u).
110
Let d(r) = -r**2 + 8*r + 8. Suppose 271 = -8*f + 55. Let p be (-6)/27 + (-60)/f. Suppose 0*q + 16 = p*q. Calculate d(q).
8
Let v(w) be the third derivative of w**7/840 + w**6/90 - 7*w**5/2 + 155*w**2. Let b(g) be the third derivative of v(g). Calculate b(-6).
-28
Let g(x) = 52*x - 3781. Let w be g(73). Let z(k) = -2*k**2 + 35*k - 64. What is z(w)?
11
Let o = 36 - 40. Let k be ((42/4)/3)/((-2)/o). Let i(v) = -k*v + 0*v**2 - 2*v - v**2 - 5 + 0*v**2. Determine i(-7).
9
Let d(v) = 10*v - 1. Let a(o) = -o. Let h(q) = 44*a(q) + 4*d(q). Suppose 4*b + 5 = -3, 4*s - 18 = 3*b. Calculate h(s).
-16
Let g(n) = -n**2 + 7*n + 2. Let w be g(8). Let t(m) be the third derivative of 12*m**2 + 7/6*m**3 - 1/12*m**5 + 0*m + 1/3*m**4 + 0 - 1/120*m**6. Give t(w).
-5
Suppose -t - 2*t - 3*q = 171, 2*t + 117 = -q. Let k be -2*((-1 - 1) + (-30)/t). Let r(c) = c**3 - c**2 - 2*c - 4. Determine r(k).
8
Let r(p) be the third derivative of p**6/120 - 4*p**5/15 - 5*p**4/12 - 8*p**3/3 + 72*p**2 - p + 3. Give r(16).
-176
Let j(u) = u**3 + 22*u**2 - 779*u + 1. Let k be j(19). Let w(q) = -8*q**3 - 2*q**2 + 6*q - 4. Give w(k).
-8
Let z(d) = -15*d - 9. Let r(n) = -44*n - 26. Let f(c) = -6*r(c) + 17*z(c). Give f(-2).
-15
Let g(s) be the second derivative of -17*s**3/6 + s**2 - 62*s - 7. Calculate g(4).
-66
Let w(x) be the second derivative of -1/12*x**4 - 1/3*x**3 + 3*x + 2*x**2 + 12. Let k be (0/(-1) - 3) + 0. Determine w(k).
1
Let r(i) = -4*i - 3. Let d = -104 - -106. Suppose -2*p = 8 + d. Determine r(p).
17
Let c(u) = 2*u + 1. Suppose -2 = -4*j - y + 3, -4*y + 20 = 3*j. Suppose 2*f - 6*f - 2*x = j, -x - 6 = -f. Determine c(f).
5
Let u(j) = -j**2 + 2*j**2 + 6 + j - 7 + 9. Let h(r) = -58*r - 116. Let l be h(-2). Determine u(l).
8
Suppose 15*y + 121 = 46. Let s(n) = -2*n**3 + 5*n**2 + 6*n - 9. Let k(j) = j**3 - 2*j**2 - 4*j + 4. Let x(q) = y*k(q) - 3*s(q). Calculate x(3).
-5
Suppose 5 = r + 3*x, 2 = 3*r - 5*x + 15. Let b = 198 + -196. Let u(m) = -22 + 4*m - 6*m + 21*m**2 + 21 - 6*m**b. Give u(r).
16
Let r(b) = -b**2 + 3. Let g = 44 - 43. Let l be (-10)/(3 + (g - 2)). Let c be -1*l/((-20)/12). Give r(c).
-6
Suppose 4*h - 5*r - 11 = 0, 2*r + 4 = -3*h - 5. Let w(t) = -14*t**2 - 25*t - 7. Let u(f) = 4*f + 1. Let g(c) = -6*u(c) - w(c). Calculate g(h).
14
Let y(u) = 48*u - 586. Let z(i) = -97*i + 1075. Let f(v) = 11*y(v) + 6*z(v). Calculate f(2).
-104
Let t(r) = r + 4. Suppose -12 = 4*y, 0*k - y = -5*k - 17. Let h be ((k - -6) + -2)/((-1)/(-1)). Give t(h).
4
Let x(w) = -6*w**3 - w**2 + 12*w - 9. Let s(g) = 7*g**3 - 13*g + 10. Let m(y) = -7*s(y) - 8*x(y). Calculate m(4).
46
Let o = 12 + 9. Suppose -15 - o = 6*w. Let c(q) be the third derivative of q**6/120 + q**5/12 - 5*q**4/24 - q**3/6 - 2*q**2. Give c(w).
-7
Let y(v) = 14*v**2 + 1. Let w be 760/(-12) - (-2)/(-3). Let n = 39 - 102. Let l = w - n. Determine y(l).
15
Let t(d) = 2 + d**2 - 2*d**3 + 4*d + 2*d**2 + 0*d**3. Let i(h) = -3*h**2 + 43*h + 2*h**3 - 90*h - 2 + 44*h. Let c(z) = 6*i(z) + 5*t(z). What is c(2)?
6
Suppose 156*i = 979 - 927 - 2236. Let l(d) = d**3 + 12*d**2 - 27*d + 21. Calculate l(i).
7
Suppose 8*c - 26843 = 18413. Let l(q) = 2828*q + 2830*q + 28 - c*q. What is l(0)?
28
Let k = 9 - 16. Let q(i) = i**3 + i**2 + 6*i + 6. Let h(c) = 4*c**3 + 9*c**2 + 10*c + 15. Let y(s) = h(s) - 3*q(s). Give y(k).
4
Let y(l) = 21*l + 150. Let n(j) = -51. Let r(q) = -2*n(q) - y(q). What is r(-2)?
-6
Suppose 0*u + 66 = 3*u. Let k be (u/33)/((-2)/6). Let w(d) = -17*d**2 - 9*d - 8. Let r(j) = -15*j**2 - 8*j - 7. Let l(y) = 6*r(y) - 5*w(y). Determine l(k).
-16
Suppose 18*q - 5 = 49. Let f(k) be the third derivative of -14*k**2 - 1/24*k**4 - 1/60*k**5 + 1/2*k**q + 0*k + 0. Determine f(-3).
-3
Suppose v = -18 + 23. Let x(a) = 7*a + a**3 + 3 + 3885*a**2 - 3880*a**2 + v. Let d be x(-3). Let y(o) = o - 5. What is y(d)?
0
Let f(l) be the third derivative of -7*l**2 - 1/4*l**4 + 0 + 1/60*l**5 - 7/6*l**3 + 0*l. Suppose -2*z - 4 = 0, -5*h + 8 = 2*z - 28. Give f(h).
9
Let n be (-24)/(-36) + 164/6. Suppose 5*q + n = q. Let x(w) = 4218*w**2 + 0*w - 4211*w**2 - w**3 + w + 2*w**3 + 5. What is x(q)?
-2
Let r(x) = -11*x**3 - x**2 + x - 2. Let t(d) = 9*